on divisor of y and 160.
8
Let c(v) = 31 + 29 + 31*v - 89 + 25. Let q be c(19). Calculate the greatest common factor of q and 65.
65
Let o be (2 - 7)/1 + (21 - 2). Suppose -5*p + 166 = -o. What is the highest common divisor of 28 and p?
4
Let o = -5095 + 5219. What is the greatest common factor of 713 and o?
31
Suppose 178 = -3*d + 127. Let y be 0/(-2) + -1 + 20 + d. Calculate the greatest common divisor of y and 14.
2
Let s be (15939/46)/(0 - (-3)/6). What is the highest common divisor of s and 28?
7
Suppose 2*w = 3*x - 402, 0 = -4*x + 2*w + 459 + 77. Calculate the greatest common factor of 4288 and x.
134
Let p = 10676 + -10640. Calculate the highest common divisor of p and 876.
12
Suppose -15*z + 52 = -169 - 619. Calculate the highest common factor of z and 1208.
8
Let v(n) be the second derivative of -2*n**3 + 75*n**2 + n + 29. Let z be v(-37). Calculate the greatest common divisor of z and 22.
22
Suppose -5*a = 3*u + 163, 2*u + 2 + 90 = 5*a. Let v = -51 - u. Suppose 8*r - 348 - 372 = v. What is the greatest common divisor of 36 and r?
18
Suppose -994 = 253*g - 10102. What is the highest common factor of 19296 and g?
36
Let n be 108/60*(-5)/(-3). Suppose n*x - 16 = 4*o, -5*o - 20 = 4*x - 62. What is the greatest common factor of x and 672?
8
Suppose x = -5*g + 4*x + 545, -x = 5*g - 565. Let b(n) = -99*n + 549. Let w be b(3). Calculate the greatest common divisor of w and g.
28
Let z = -98 + -169. Let v = z + 339. Calculate the greatest common factor of 9 and v.
9
Let f be (-12)/54 + 3 + (-22616)/(-36). Suppose -854 = -9*u + f. Suppose -3*x + 68 = x + 4*g, 35 = 3*x - 5*g. Calculate the greatest common divisor of u and x.
15
Let y = -13109 - -13523. Calculate the greatest common divisor of 288 and y.
18
Let a be (-330)/(-770)*(-91)/(-3). What is the greatest common divisor of a and 8749?
13
Let g = -15864 + 17082. Calculate the highest common factor of 870 and g.
174
Let l be (-329)/(-56)*76 + (-3)/(-2). Calculate the highest common divisor of 35 and l.
7
Let h(d) = -20*d - 26. Let p be h(-9). Suppose -4*t + p = 7*t. Suppose v - t*v + 104 = 0. What is the greatest common factor of v and 128?
8
Suppose 6 = o + 1. Suppose b - 15 = -3*j - 0*j, -o*b + 9 = 4*j. Calculate the greatest common divisor of 123 and j.
3
Let f = 121 + -80. Suppose 211 - f = 2*c. Let x be (-1435)/(-42) + 1/(-6). Calculate the highest common factor of c and x.
17
Let m = -121 + 176. Let r = -42 + m. Suppose -3*f = 2*f - 65. What is the greatest common factor of f and r?
13
Let b = -23 + 27. Suppose -q + 10 = b. Let v = 3 + q. Calculate the greatest common factor of v and 36.
9
Let p = 4143 + -4137. Let i(t) = -t**2 + 10*t - 10. Let z be 75/9 - 1/3. Let f be i(z). Calculate the highest common divisor of f and p.
6
Let d(t) = -2*t**2 + 72*t + 413. Let x be d(40). Calculate the greatest common factor of 2201 and x.
31
Suppose -30*b - 2*d - 375 = -33*b, 0 = b + 2*d - 125. Suppose 4*m - 628 = -528. What is the highest common divisor of b and m?
25
Let n(y) = -y**3 + 68*y**2 + 16. Let z be n(68). Calculate the greatest common factor of 164 and z.
4
Let w = -2879 - -2914. What is the greatest common factor of w and 1820?
35
Let f = -37 - -72. Let c = 54 - f. Suppose 2*d = a - 144, 911 = 5*a + 3*d + 139. What is the greatest common factor of c and a?
19
Let b be 30/2 + (-2 - -1). Let i(f) = -1318 + f**2 + 2714 - 19*f - 1364. Let o be i(18). Calculate the greatest common factor of o and b.
14
Let d(u) = u**2 - 7*u - 9. Let m be d(4). Let z be (104/(-6))/(14/m). Suppose 562 + 101 = 17*y. Calculate the greatest common divisor of y and z.
13
Let l = -5863 + 6435. Calculate the highest common divisor of l and 143.
143
Suppose -40*r + 50*r = 1170. Suppose -l + r = -39. What is the greatest common divisor of 13 and l?
13
Let u(h) = h**3 + 11*h**2 + 9*h - 18. Suppose -4*t - 6 - 39 = 3*d, 0 = -5*t - 4*d - 57. Let c be u(t). Calculate the greatest common divisor of 49 and c.
7
Let h = 282 + -305. Let b(o) = -8*o - 144. Let k be b(h). Calculate the greatest common factor of 15 and k.
5
Let r(j) = j**3 + 62*j**2 - 172*j - 191. Let t be r(-64). Calculate the greatest common divisor of 150 and t.
75
Let p be (2/(-6))/(6/(-270)). Suppose p = 4*g - 5. Suppose -3*f = 4*i - 8*i + 60, 15 = i + 5*f. What is the highest common divisor of g and i?
5
Let j = -2481 + 2490. Calculate the greatest common factor of j and 123.
3
Let j(p) = 2*p**2 + 3*p - 674. Let v be j(-28). Calculate the highest common factor of 390 and v.
30
Let m be (-2)/(14/(-2) + 9). Let j be (174/(-8))/(m/12). What is the highest common divisor of j and 145?
29
Suppose -8*h = -13*h - 4*o + 16945, 5*h = -o + 16960. Calculate the greatest common factor of h and 78.
39
Suppose 5*t - 712 = 5*q + 573, 2*t + 4*q - 508 = 0. Suppose -38*d + 33*d + 42 = 2*j, 2*d - j = 15. Calculate the highest common factor of d and t.
8
Suppose -506*b + 33 = -503*b. Calculate the greatest common factor of 1639 and b.
11
Let m be (-3630)/(-15) - (-6 - 15)/(1 - 4). What is the greatest common factor of 2068 and m?
47
Let z = 260 + -182. Suppose 2*h = -2*l + 32, 2*h + 2*h - 3*l = z. Let t(s) = -s - 8. Let i be t(-10). What is the greatest common divisor of i and h?
2
Let t be 3*(1 - (-16)/(-18))*-24. Let k be 3/(220/(-28) - t). Calculate the highest common divisor of k and 35.
7
Let b be (-6)/2 + 8*15. Suppose -b = -j - 7. Suppose -208 + 408 = 20*i. What is the greatest common divisor of i and j?
10
Suppose 401 - 41 = 40*h. Calculate the greatest common divisor of h and 13.
1
Let d = 375 - 267. Let v = -10 + d. Let n be 6/5*(-3 + 13)*658/282. What is the greatest common divisor of n and v?
14
Let f = 258 + -166. Let j = f - 53. Suppose 46 + 32 = 3*c. Calculate the greatest common factor of c and j.
13
Let m = 78 - 99. Let y = m + 35. What is the greatest common factor of y and 4?
2
Let y = 2215 - 2017. Calculate the highest common factor of y and 946.
22
Let d(h) = 2*h**2 - 14*h + 4. Let p = 1 - 6. Let m be ((-6)/(-4))/((-15)/350*p). Let f be d(m). Calculate the greatest common factor of f and 2.
2
Suppose -5*k - c + 248 = 0, -7*k = -3*k + 2*c - 196. Let n be 4788/38 - ((1 - 0) + 0). What is the highest common divisor of k and n?
25
Let x(f) = 4*f**2 + 7*f - 5. Let j be (2 - 1)/((-18)/108). Let b = -10 - j. Let y be x(b). What is the greatest common divisor of 155 and y?
31
Let x(k) = -3*k + 39. Let f(n) = -n**3 + 22*n**2 + 22*n + 12. Let r be f(23). Let h be x(r). What is the greatest common divisor of h and 9?
9
Let q be 2/3*(24 + -6). Suppose -q*i + 4*i + 2024 = 0. Calculate the greatest common factor of i and 23.
23
Let s(u) = 22*u - 99. Let t be s(10). Suppose 4*a = 3*l + 143, 0 = -3*a + 2*l + t - 15. Calculate the greatest common factor of 1 and a.
1
Let u(i) = 151*i**2 - 13*i - 35. Let y be u(-10). Calculate the greatest common divisor of 15 and y.
15
Let l(w) = 43*w - 927. Let p be l(22). What is the highest common divisor of 3 and p?
1
Let q = -166 - -467. Let t = 379 - q. Calculate the greatest common divisor of t and 546.
78
Let u = 16276 + -14560. Calculate the greatest common divisor of u and 1188.
132
Let y(z) be the second derivative of -z**5/20 + 2*z**4/3 + 13*z**3/3 - 25*z**2 - 64*z. Let n be y(10). Calculate the highest common factor of n and 8.
2
Let b be ((-726)/(-3) - -3) + (10 - 7). What is the highest common factor of b and 40?
8
Let t(i) = -28*i - 49. Suppose 9*a + 74 = 4*a - 3*s, 2*s = 5*a + 59. Let x be t(a). What is the highest common factor of 63 and x?
63
Let b = 53 - 14. Let c(m) = 30*m**2 - 232*m + 1. Let n be ((-76)/(-342))/((-3)/(-108)). Let y be c(n). What is the greatest common factor of y and b?
13
Let p = 97 + 618. Let s = p - 707. What is the greatest common divisor of 128 and s?
8
Let a be (110/(-25) + 4*1)*-1205. Let k = -46 + a. What is the greatest common divisor of k and 4?
4
Let y = 1565 + -1550. Calculate the highest common factor of y and 360.
15
Suppose 714 = 5*t - 71. Suppose -t + 213 = 4*y. Calculate the highest common factor of 2 and y.
2
Suppose 104*g - 350505 - 29084 = -107*g. Calculate the highest common divisor of g and 1542.
257
Let k = -42 + 45. Let a be 388/6*k + -4. Suppose 3*j = -2*j + a. What is the greatest common divisor of j and 304?
38
Suppose 5*m - 148 = -5*s + 3*m, -2*m + 8 = 0. Let z = -143